2 = 58. Calculate the highest common divisor of z and h.
27
Suppose 4*d = 3*l + 82, d - 3*l - 12 = 2*l. Suppose 0 = 21*i - 16*i - 1290. Let y = -104 + i. What is the greatest common factor of d and y?
22
Let w(v) = -7 + 2*v - 14 + 1. Let b = 7 + 6. Let n be w(b). Calculate the greatest common divisor of n and 36.
6
Let u be (-1)/1*(-6 + 9) + 72. Let o(a) = 5*a**2 + a + 2. Let y be o(4). Let q = y - u. Calculate the highest common divisor of q and 187.
17
Let v(j) = 2615*j**2 + 25*j + 26. Let f be v(-1). What is the greatest common divisor of f and 24?
24
Let g = 5 - 0. Suppose -p = 3*z - 104, -g*z + 0*p = -p - 160. Let b(d) = 20*d**2 - 195*d + 141. Let i be b(9). What is the highest common factor of i and z?
3
Let f(k) = -k**2 + 3*k + 560. Let u be f(0). Let a be ((-4)/(-3))/((-34)/(-3621)). Let r = u - a. What is the highest common factor of r and 38?
38
Suppose 5*q - 3*v + 32 = 0, 0*q - 2*q - 18 = 4*v. Let h(z) = -15*z - 83. Let n be h(q). Calculate the greatest common factor of 55 and n.
11
Suppose -1198 = -9*p + 350. What is the greatest common divisor of p and 4?
4
Let d(j) = -2*j**2 + 8*j + 1. Let f be d(4). Let r be -1 - ((-3 - -3) + f). Let i = 4 - r. Calculate the highest common factor of i and 48.
6
Let o(j) = -9*j**2 - 608*j - 9. Let s be o(-41). Calculate the greatest common divisor of s and 89.
89
Suppose 30*i + 130 = 35*i. Suppose 0 = -v - 5*b + 9*b + 5, 0 = -v - 3*b + i. What is the highest common factor of 459 and v?
17
Let i = -77 + 78. Let c be (420/16)/(i/4). What is the greatest common factor of c and 60?
15
Let b be 18/24 + 15026/8. Suppose 501 + b = 5*r. Let v = -324 + r. Calculate the greatest common factor of v and 19.
19
Let v be -8 + 99/22*(-424)/(-9). Calculate the highest common factor of 3366 and v.
102
Let y = 1920 - -930. Calculate the greatest common divisor of 38 and y.
38
Let c(g) = -40*g + 2592. Let v be c(45). What is the greatest common factor of v and 726?
66
Suppose 49*d - 39*d = 770. Calculate the greatest common divisor of 44 and d.
11
Suppose -20 = -3*q - 11. Suppose 34*w = 29*w + 5*k + 25, q*k = 3. What is the greatest common divisor of w and 114?
6
Let t(l) = 3*l**2 - 99*l + 1642. Let a be t(18). Calculate the highest common factor of a and 3016.
104
Suppose 10*a = 8*a + 54. Suppose 4*b - 107 = s, 2 = -b + 2*s + a. Suppose 0*y - 20 = -2*y + 2*t, 2*t - 7 = -y. What is the highest common factor of b and y?
9
Suppose 0 = -17*z + 19*z + i - 20, 0 = 5*i + 20. Calculate the greatest common factor of 4892 and z.
4
Suppose -703 = -8*l - 29*l. Calculate the greatest common factor of l and 8189.
19
Let t = -9754 - -10138. What is the greatest common divisor of t and 6?
6
Suppose 6*v = 12*v + 162. Let t = v + 7. Let j(d) = d**3 + 21*d**2 + 16*d - 36. Let m be j(t). What is the highest common divisor of m and 4?
4
Suppose 5 - 2 = v + 2*o, 5*v = -4*o + 21. Suppose v*i - 3*d - 2541 = 0, 3*i - 9*d = -13*d + 1542. Calculate the highest common divisor of 17 and i.
17
Suppose -4*s + 6 = 2, 2*y + 3*s - 7 = 0. Suppose 2*o - 48 = 4*b, 0 = y*o - b + 5*b - 32. What is the greatest common divisor of 48 and o?
4
Suppose -3*i + 116 = -49. Suppose 0 = 2*z - 3*b - i, 4*z - 54 = 2*z + 2*b. Let o = z - -9. Calculate the highest common factor of o and 7.
7
Let q(o) = o**2 - 15*o + 31. Let z be q(28). Suppose 11*g = 6*g + z. Calculate the greatest common divisor of 237 and g.
79
Suppose -3712 + 832 = -8*q. Calculate the highest common factor of 96 and q.
24
Suppose 56*r + 2*r = 1392. Suppose -v - 2*a + 86 = 0, -4*v + a + 131 = -204. What is the greatest common divisor of v and r?
12
Let c be (10/25 - 4)/(276/(-120) + 2). Suppose 0*z + 10 = 5*z. Suppose -z*j + 108 = -j. What is the greatest common factor of j and c?
12
Let g = 13 + 91. Suppose -4*l + g = 20. Let x(m) = 146*m + 11683. Let q be x(-80). Calculate the greatest common divisor of l and q.
3
Let n = -14684 + 15872. What is the greatest common factor of 44 and n?
44
Let h be (-1)/10 - (35043/(-30) + 5). Let t = h + -825. Calculate the highest common divisor of 26 and t.
26
Suppose -4*l - 7*x + 2*x = 10, -4 = l + 2*x. Suppose 0 = -l*u + 9*u - 972. Calculate the highest common divisor of 162 and u.
54
Let h = -1062 + 1985. What is the greatest common divisor of 426 and h?
71
Suppose -25 + 35 = 5*s. Let v be (114/95)/(s/90). Suppose 4*a - 10 = 2*a, x + 14 = 4*a. What is the greatest common divisor of v and x?
6
Let m = -180 - -265. Suppose 0 = -d + 5*t + 44, 141*d + 4*t - 94 = 138*d. Calculate the highest common factor of d and m.
17
Let u = -253 - -271. Let b be ((-44)/(-24))/(3/u). Calculate the greatest common divisor of b and 22.
11
Suppose 14173*n = 14132*n + 351329. What is the greatest common divisor of 82 and n?
41
Let o(x) = 84*x + 18. Let c(v) = 2*v - 1. Let k(g) = -36*c(g) + o(g). Let z be k(17). Let t = z + -143. What is the highest common divisor of t and 46?
23
Let r(v) = -70*v + 596. Let c be r(6). What is the highest common factor of 21296 and c?
176
Let w(n) = -n**3 - n**2 + 7*n + 7. Let z be w(-3). Let j be (-2 + z - -36)*(-13)/(-13). What is the highest common factor of 228 and j?
38
Suppose 26 = 4*m + 5*d, 5*m - 26 + 0 = -3*d. Let c be ((-32)/(-14))/m + (-157)/(-7). What is the highest common factor of c and 138?
23
Suppose -y + 6*y + 3*t = 618, 0 = 5*y - 5*t - 650. Let z be (-10)/2 + -25*(-3 - 0). What is the highest common factor of y and z?
14
Let f = 671 - 495. Let h(g) = -3*g**3 + 3*g**2 - g - 1. Let t be h(-3). Suppose 4*i - t = -i. What is the highest common divisor of f and i?
22
Let h = 349 + -19. What is the highest common factor of h and 9350?
110
Suppose 976 = 2*y - 266. Let r = -46486 + 46495. What is the highest common factor of r and y?
9
Let d be (8 + -4)*(-37 + 2770). Calculate the highest common factor of 12 and d.
12
Let p be (-48 + 84)/((-3)/(-2)). Calculate the highest common factor of p and 1524.
12
Let p(f) = 4688*f + 56275. Let y be p(-12). Suppose 11 = -o + 106. Calculate the highest common divisor of y and o.
19
Suppose -248*w + 1687 = -247*w - v, -w = 3*v - 1707. What is the greatest common divisor of 144 and w?
36
Let l(c) = 1185*c - 1354. Let x be l(2). Calculate the greatest common factor of x and 136.
8
Let i be 10/(-3)*(2 + 117/(-18)). Let n(v) = 22*v + 1. Let o be 6/18 + (-10)/(-6). Let k be n(o). Calculate the highest common factor of k and i.
15
Let y(s) = 201*s - 255. Let j be y(3). Calculate the greatest common divisor of j and 48.
12
Suppose -6*o = 252 - 3438. Let a = o + -287. Let j = a - 109. What is the highest common divisor of j and 45?
45
Let b = -14721 + 14811. What is the highest common factor of b and 3222?
18
Let y be 28/6*(299/91 - -1). Let z be 14032/y - 20/(-50). What is the greatest common divisor of 13 and z?
13
Let l be (-92)/6*(-45)/(-6). Let r = -97 - l. What is the greatest common divisor of r and 12?
6
Let b be 1/3 + ((-280)/21 - -10). Let q be (b/(-9))/(2/60 + 0). What is the highest common divisor of 6 and q?
2
Let s(v) = v**2 + 13*v + 368. Let k be s(46). Calculate the greatest common factor of k and 46.
46
Let v be 3 + 1 + -4*(-303)/(-12). Let x = 267 - v. What is the greatest common factor of 14 and x?
14
Suppose -8*k + 5*k = -21. Suppose 2*v + k + 17 = 0. Let w be (1*6/(-9))/(1/v). What is the highest common factor of 20 and w?
4
Suppose 251*x = 248*x + 240. Suppose 144 = s - 8*v + 3*v, 432 = 3*s + v. What is the greatest common divisor of s and x?
16
Let z(y) be the second derivative of y**5/20 - 2*y**4/3 - y**3 + 64*y. Let l be z(9). What is the greatest common factor of l and 216?
27
Let h be (-1)/(-1) + 600/8 - 4. Let p(o) = -2*o**2 + 20*o + 4. Let j be p(8). Calculate the greatest common factor of j and h.
36
Suppose -2*s = 2*w - 7*s - 25, 5*w = -2*s + 135. Let o = -479 + 266. Let p = -88 - o. What is the highest common factor of p and w?
25
Let d(b) = -3*b**2 + 104*b - 304. Let k be d(29). What is the greatest common divisor of k and 56?
7
Suppose -2*d + 5119 + 42248 = 7*d. What is the greatest common divisor of d and 38?
19
Let l be ((-2)/(-4)*6)/(18/24). Let h be -3*4/l*-1. Calculate the highest common divisor of h and 33.
3
Suppose -11*z + 86 + 104 = -96. What is the highest common factor of 2249 and z?
13
Let h = 14858 + -14538. Calculate the greatest common divisor of h and 1060